alse
Does 9 divide 1115730?
True
Is 11682 a multiple of 99?
True
Is 4015217 a multiple of 751?
False
Does 17 divide 459187?
True
Is 12316389 a multiple of 32?
False
Is 97155 a multiple of 173?
False
Is 2230829 a multiple of 5?
False
Is 119 a factor of 26930?
False
Does 5 divide 1653339?
False
Is 44 a factor of 1545536?
False
Is 8 a factor of 261237?
False
Is 1137885 a multiple of 292?
False
Is 5028222 a multiple of 68?
False
Is 869407 a multiple of 77?
True
Is 24887 a multiple of 13?
False
Is 48465 a multiple of 3?
True
Is 14 a factor of 661079?
False
Is 2605 a multiple of 8?
False
Is 11474 even?
True
Is 17 a factor of 7754975?
True
Is 484244 a multiple of 4?
True
Is 16 a factor of 122743?
False
Does 57 divide 499187?
False
Is 29928 a multiple of 12?
True
Does 37 divide 230251?
True
Does 253 divide 1519196?
False
Does 14 divide 28044688?
True
Is 10 a factor of 25208?
False
Is 61 a factor of 8726111?
True
Is 129700 a multiple of 17?
False
Is 5 a factor of 113473?
False
Does 99 divide 1636310?
False
Does 463 divide 2433528?
True
Does 92 divide 2651221?
False
Is 185 a factor of 144321?
False
Is 154786 a multiple of 386?
True
Is 1017969 a multiple of 59?
False
Does 51 divide 137190?
True
Does 294 divide 1172472?
True
Is 280950 a multiple of 75?
True
Is 2975511 a multiple of 363?
True
Is 46 a factor of 1433181?
False
Is 309 a factor of 30282?
True
Is 32 a factor of 9531?
False
Is 265062 a multiple of 28?
False
Is 307 a factor of 1031185?
False
Is 470638 a multiple of 77?
False
Does 19 divide 63688?
True
Does 35 divide 27307?
False
Does 120 divide 101640?
True
Is 3462374 a multiple of 23?
True
Is 21 a factor of 168483?
True
Is 8 a factor of 422433?
False
Is 580437 a multiple of 451?
True
Is 51 a factor of 46359?
True
Is 2881574 a multiple of 82?
False
Does 35 divide 52083?
False
Does 154 divide 4351886?
True
Is 5831784 a multiple of 1624?
True
Is 275 a factor of 243925?
True
Is 4 a factor of 623496?
True
Is 615694 a multiple of 38?
False
Does 7 divide 121100?
True
Does 12 divide 1449180?
True
Does 4 divide 28498?
False
Is 303420 a multiple of 6?
True
Is 231317 a multiple of 170?
False
Is 5239 even?
False
Does 26 divide 738871?
False
Is 12 a factor of 1206504?
True
Is 531601 a multiple of 133?
True
Is 14 a factor of 791712?
False
Is 1457812 a multiple of 40?
False
Does 223 divide 162121?
True
Is 108 a factor of 293962?
False
Does 39 divide 2103643?
False
Is 10578416 a multiple of 8?
True
Is 149995 a multiple of 499?
False
Does 25 divide 1406100?
True
Is 327 a factor of 10157529?
False
Is 217 a factor of 138880?
True
Is 5232784 a multiple of 6?
False
Does 120 divide 568080?
True
Does 29 divide 1107944?
False
Is 176749 a multiple of 281?
True
Is 65 a factor of 36400?
True
Does 7 divide 152894?
True
Is 4 a factor of 45626?
False
Is 3922 even?
True
Is 5088980 a multiple of 529?
True
Is 293171 a multiple of 59?
True
Does 63 divide 1116108?
True
Is 1590570 a multiple of 27?
True
Is 54 a factor of 1180717?
False
Does 511 divide 694869?
False
Is 251 a factor of 4485696?
False
Is 97277 a multiple of 331?
False
Is 291401 a multiple of 9?
False
Does 255 divide 17943075?
True
Does 6 divide 35094?
True
Is 2097928 a multiple of 84?
False
Does 927 divide 3037779?
True
Is 370 a factor of 273766?
False
Is 11 a factor of 1723650?
False
Is 1566042 a multiple of 6?
True
Is 17182 a multiple of 11?
True
Does 196 divide 1414532?
True
Does 24 divide 2108904?
True
Is 1871756 a multiple of 9?
False
Is 2082083 a multiple of 173?
False
Is 322 a factor of 1322776?
True
Does 394 divide 71708?
True
Is 106876 a multiple of 44?
True
Does 15 divide 636393?
False
Is 174 a factor of 84455?
False
Does 4 divide 22239?
False
Does 340 divide 304890?
False
Is 993102 a multiple of 28?
False
Does 45 divide 890190?
True
Is 669600 a multiple of 24?
True
Is 9105 a multiple of 3?
True
Does 176 divide 2479664?
True
Is 560797 a multiple of 149?
False
Does 174 divide 350958?
True
Does 11 divide 1747757?
True
Is 7 a factor of 6642133?
False
Does 9 divide 1588856?
False
Is 331576 a multiple of 124?
True
Is 39 a factor of 25155?
True
Is 76 a factor of 18072192?
True
Is 86 a factor of 321186?
False
Is 44 a factor of 16588?
True
Is 27331999 a multiple of 24?
False
Does 412 divide 180868?
True
Does 134 divide 90048?
True
Does 13 divide 40537?
False
Is 27970384 a multiple of 116?
True
Is 6268 a multiple of 6?
False
Is 124 a factor of 270712?
False
Is 83554 a multiple of 14?
False
Does 474 divide 2922684?
True
Is 63 a factor of 32067?
True
Is 6639286 a multiple of 349?
False
Is 5454252 a multiple of 13?
False
Is 346 a factor of 631450?
True
Is 175 a factor of 2517454?
False
Does 560 divide 2893564?
False
Is 16497 a multiple of 9?
True
Does 90 divide 1559761?
False
Does 665 divide 27363?
False
Is 388 a factor of 963180?
False
Is 28160 a multiple of 55?
True
Is 29 a factor of 27608?
True
Is 5168496 a multiple of 174?
True
Does 44 divide 1225356?
True
Does 40 divide 1917770?
False
Does 232 divide 213368?
False
Is 80 a factor of 20669?
False
Does 31 divide 78151?
True
Does 6 divide 2904?
True
Does 23 divide 358908?
False
Is 64 a factor of 5224055?
False
Is 914991 a multiple of 11?
True
Does 35 divide 107485?
True
Does 23 divide 75807?
False
Is 111 a factor of 14881992?
True
Is 2 a factor of 699605?
False
Is 21287 a multiple of 7?
True
Is 547 a factor of 430336?
False
Does 1368 divide 18562392?
True
Does 631 divide 2273512?
False
Is 133522 a multiple of 96?
False
Does 17 divide 406671?
False
Is 30 a factor of 3960054?
False
Does 43 divide 666715?
True
Is 114 a factor of 165642?
True
Does 16 divide 1766400?
True
Is 10080 a multiple of 60?
True
Is 408023 a multiple of 3?
False
Is 130721 a multiple of 28?
False
Does 58 divide 18564176?
True
Is 2 a factor of 203?
False
Is 1168 a multiple of 4?
True
Is 59 a factor of 149270?
True
Does 8 divide 70338?
False
Is 134 a factor of 239040?
False
Is 381 a factor of 1033534?
False
Does 2175 divide 12327900?
True
Does 21 divide 312144?
True
Is 289272 a multiple of 102?
True
Is 45 a factor of 2337591?
False
Is 654804 a multiple of 12?
True
Is 3 a factor of 380796?
True
Is 37838 a multiple of 26?
False
Does 39 divide 978744?
True
Is 17 a factor of 613684?
False
Does 23 divide 553127?
True
Is 299252 a multiple of 183?
False
Is 17 a factor of 384043?
False
Is 177 a factor of 194700?
True
Is 892 a factor of 2552904?
True
Is 64 a factor of 45647?
False
Does 139 divide 6653?
False
Does 191 divide 7028531?
False
Does 82 divide 64836?
False
Is 39442 a multiple of 13?
True
Is 3290045 a multiple of 205?
True
Is 470008 a multiple of 68?
False
Is 9 a factor of 729974?
False
Is 2012652 a multiple of 10?
False
Does 261 divide 18149157?
True
Is 78 a factor of 8018082?
False
Is 117 a factor of 13338?
True
Is 530103 a multiple of 21?
True
Is 768368 a multiple of 42?
False
Does 8 divide 141253?
False
Does 168 divide 136147?
False
Is 7750314 a multiple of 39?
True
Is 4188721 a multiple of 449?
True
Is 554560 a multiple of 8?
True
Does 4 divide 61580?
True
Is 467412 a multiple of 12?
True
Is 10 a factor of 6250600?
True
Is 20 a factor of 58160?
True
Is 9 a factor of 11043?
True
Does 238 divide 618705?
False
Does 5 divide 58203?
False
Is 512842 a multiple of 135?
False
Is 260361 a multiple of 27?
True
Is 468247 a multiple of 196?
False
Does 163 divide 177214?
False
Is 326798 a multiple of 3?
False
Does 107 divide 641679?
True
Does 16 divide 5424?
True
Does 11 divide 3704030?
True
Is 251727 a multiple of 357?
False
Is 167 a factor of 501146?
False
Does 29 divide 219606?
False
Is 198485 a multiple of 10?
False
Is 45 a factor of 1436544?
False
Is 2727830 a multiple of 10?
True
Is 99 a factor of 100107?
False
Is 205725 a multiple of 65?
True
Is 1062597 a multiple of 163?
True
Does 11 divide 599170?
True
Is 4921521 a multiple of 293?
True
Is 760195 a multiple of 48?
False
Is 153 a factor of 489598?
False
Is 6 a factor of 3091017?
False
Is 255 a factor of 128010?
True
Is 1304 a factor of 1219369?
False
Does 50 divide 185900?
True
Does 1019 divide 19513945?
False
Is 109 a factor of 327109?
True
Is 368 a factor of 717600?
True
Does 15 divide 219571?
False
Is 1699075 a multiple of 86?
False
Is 34 a factor of 148699?
False
Is 372216 a multiple of 156?
True
Is 592026 a multiple of 149?
False
Is 826 a fac